49130 = -41*f. Let v = f + 2057. List the prime factors of v.
2, 3, 17
Suppose 4*v + 84 = 16*v. Let a(w) = -2*w - 2. Let i be a(4). What are the prime factors of (166/i)/(v/(-35))?
83
Suppose 0 = 3*f + 140 + 31. Let d = 519 - f. Suppose -5*o + 8*o = d. List the prime factors of o.
2, 3
Let t(k) = 4*k + 6. Let f be t(4). Suppose 1020 = f*r - 19*r. Let q = r + -153. List the prime factors of q.
11, 17
Suppose -2*c = -0*c - 14. Let g(h) = -11 - h**2 + c + 19*h + 10 + 16. List the prime factors of g(18).
2, 5
Let j = 171612 - 86801. What are the prime factors of j?
84811
Let r(s) = 111 - 28 + 39*s - 56. List the prime factors of r(9).
2, 3, 7
Let j(u) = -6*u**2 + 51*u - u**2 - 5*u**2 + u**3 + 32*u - 99*u - 27. Let b = 12 + 2. What are the prime factors of j(b)?
3, 47
Suppose 3*c - r = 6*c - 72, c + 4*r - 24 = 0. Suppose 80 = c*p - 16*p. Suppose -8*w - 152 = -p*w. What are the prime factors of w?
2, 19
Let t(l) = 4*l**2 - 14*l + 6. Let i be t(-33). Suppose 11*p - 1160 = i. List the prime factors of p.
2, 17
Suppose 0 = -4*m - y + 2, -10*m + 3*y - 6 = -8*m. Let l = 12 - 7. Suppose m = b - 92 + l. List the prime factors of b.
3, 29
Suppose -5*v - 4*m + 14466 = 0, 0 = -4*v + 21*m - 19*m + 11604. What are the prime factors of v?
2, 3, 7, 23
Let n = 289 - 87. Suppose -p - 40 = -n. List the prime factors of p.
2, 3
Suppose 0*a = 5*a. Let d(c) = -c**3 - 21*c**2 + 45*c - 27. Let l be d(-23). What are the prime factors of (-4123)/(-28) - a - 3/l?
2, 37
Let t(r) = -20*r - 17. Let z(g) = 5*g + 4. Let n(i) = 6*t(i) + 26*z(i). Let k be n(15). Suppose 10*j = 8*j + k. What are the prime factors of j?
2, 19
What are the prime factors of (-4954875)/(-155) - 4/(-62)?
13, 2459
Suppose 0 = -5*z + 3*w + 6, -w + 6 = 2*z - z. List the prime factors of (0 - -3)*(-5416)/(-24) + z.
2, 5, 17
Let w = -1008 - -915. Let i = 192 - 33. Let l = w + i. List the prime factors of l.
2, 3, 11
List the prime factors of -9 - 11052/(-21)*(-546)/(-12).
3, 79, 101
Suppose -7 = -3*x - w, 3*x + 2*w = 3*w + 17. Let c(g) = 29*g**2 - 10*g + 21. List the prime factors of c(x).
5, 89
Suppose -8*c = -4*c - 480. Let q = c - 67. Let j = q - 7. What are the prime factors of j?
2, 23
Let p = -324 + 303. What are the prime factors of (5 + 35/p)/(1/123)?
2, 5, 41
Let y = 16200 + -11362. What are the prime factors of y?
2, 41, 59
Let l(n) = -11*n + 33. Let s be l(-4). Suppose -2254 - s = -9*i. List the prime factors of i.
7, 37
Let x(k) = 16*k + 1. Let j be x(3). Suppose -4*g - 29 = -j. Suppose -3*o + 0*s + 160 = 2*s, 0 = 5*s + g. What are the prime factors of o?
2, 3
Let h be 3/(-6)*(2 - 2). Suppose -3*p - p - 16 = -4*i, 3*i - 12 = h. Suppose -7*n + 76 + 757 = p. List the prime factors of n.
7, 17
Let c(y) = -9*y + 31950. What are the prime factors of c(0)?
2, 3, 5, 71
Let n(q) = -6*q - 180. Let s be n(-37). Let k be ((-9)/12)/(2/72). Let h = s - k. List the prime factors of h.
3, 23
Suppose -9*j = 2*j - 792. Let l = j - 40. Suppose 146 = 5*g + 3*y + l, -33 = -2*g + 3*y. What are the prime factors of g?
3, 7
Let m(d) = 0*d**2 - 3 - 4*d**3 - d**2 - 3*d + 3*d**3 - d**2. Let f be m(-2). Suppose -f*t - 180 = -3*a + t, -a = -5*t - 49. What are the prime factors of a?
2
Let c(u) = 288*u + 3631. List the prime factors of c(51).
7, 2617
Suppose 52*c = -z + 53*c + 59779, -3*c + 179391 = 3*z. List the prime factors of z.
2, 14947
Let j(m) = 111 - 331 + 47*m + 103 + 180*m + 114. What are the prime factors of j(2)?
11, 41
Let t be (20/(-16))/(1/(-4)). Suppose 4*v = -t*a + 16, 0 = -5*v - 4*a + 1 + 19. Suppose 519 = v*c + 67. List the prime factors of c.
113
Suppose 4*g - 33 = -4*k - k, -4*g = -3*k + 39. List the prime factors of 96/(108/k)*(72 - -1).
2, 73
Let z(b) be the third derivative of -b**6/120 - b**5/12 + 13*b**4/24 - b**3/2 - 21*b**2. Let w be z(-7). Suppose -9*i + w*i = -65. List the prime factors of i.
13
Let w(q) = -11*q + 169. Let z(t) = 100*t - 1520. Let f(h) = 35*w(h) + 4*z(h). What are the prime factors of f(24)?
3, 5, 13
Let l(a) = 9*a**2 - 16*a + 1329. List the prime factors of l(34).
67, 167
Suppose 67*b = 74*b - 203. Suppose y - 498 = b. List the prime factors of y.
17, 31
Let o(m) = -294*m**3 + 18*m**2 + 55*m + 2. List the prime factors of o(-3).
7937
Let z(w) = -w**3 - 12*w**2 - 18*w + 84. What are the prime factors of z(-27)?
3, 5, 13, 59
Suppose 0 = 4*y + 4*j - 45884, 68*y - 70*y + 2*j + 22966 = 0. List the prime factors of y.
23, 499
Suppose 2*s + 7 = x + 3*s, 3*x - 18 = -2*s. Let k be ((-6)/21)/((-1)/7). Suppose -x*t + d + 817 = 0, -2*t + 406 = -0*d + k*d. List the prime factors of t.
2, 3, 17
List the prime factors of (5 - 11265)/4*(4 - 5) - -2.
3, 313
Let w = -2264 - -2319. Let t be (-2 + 2 - -4)/1. Suppose 3*v - t*d - w = 0, 7*d = -4*v + 11*d + 76. What are the prime factors of v?
3, 7
Suppose 345654 = 16*x + 96422. List the prime factors of x.
37, 421
What are the prime factors of (1 + -14)*(-12531433)/3991?
40819
Let i = -1326 + 1370. Suppose -q + 2*k - 6 = 0, q - 5*k = -k - 12. Suppose -48*l + i*l + 344 = q. What are the prime factors of l?
2, 43
Suppose 2*f + 23068 = 5*v, -2*v = 2631*f - 2632*f - 9226. List the prime factors of v.
2, 577
Let v = 37521 + -21076. What are the prime factors of v?
5, 11, 13, 23
Let m = 32678 + 4780. List the prime factors of m.
2, 3, 2081
Suppose g + 2*g - 360 = 3*z, 5*z = 5. Let u = g + -34. What are the prime factors of u?
3, 29
List the prime factors of 6462/2 + (-372)/(-31).
3, 23, 47
Let o(y) = 95*y**2 - 46*y - 31. Let z be o(10). Suppose -84*i = -93*i + z. What are the prime factors of i?
7, 11, 13
Let q(z) = z**2 - 11*z - 97. Let a be q(17). List the prime factors of 2588/a*(-3 + (-22)/(-4)).
2, 647
Suppose 122*c - 255*c - 2000 = -123*c. Let d = -123 - -87. Let p = d - c. What are the prime factors of p?
2, 41
Let m = 9583 + -6048. List the prime factors of m.
5, 7, 101
Let y(s) = s**3 - 25*s**2 - 58*s + 22. Let r be y(27). Let p = 243 + r. List the prime factors of p.
157
Suppose 0 = -13*l + 22044 + 66642. List the prime factors of l.
2, 3, 379
Let b(p) = 15*p**2 + 11*p + 25. Let j be b(-10). Suppose 16*d - 11*d = j. List the prime factors of d.
283
Let i(f) be the first derivative of 21*f**4/4 + 4*f**3/3 - 5*f**2/2 + 8*f + 89. What are the prime factors of i(3)?
2, 149
Suppose 0 = -q + 40 + 36. Suppose q*w = 73*w + 549. What are the prime factors of w?
3, 61
Suppose 5*j + 3*d - 218344 = 0, 3*j - 5*d = 67286 + 63700. What are the prime factors of j?
13, 3359
Suppose 899 = 4*d + 2*n - 5419, d - n - 1578 = 0. Suppose d = 6*w - 2693. What are the prime factors of w?
2, 89
Let f be (-6)/(11 - 5)*-2. Suppose -d + 362 = f*d - 4*z, 5*d = z + 609. What are the prime factors of d?
2, 61
Let o(r) = 5*r**3 - 38*r**2 + 47*r - 16. Let f(k) = -2*k**3 + 18*k**2 - 23*k + 7. Let q(n) = 7*f(n) + 3*o(n). List the prime factors of q(-10).
401
Suppose 3*x + 25 = 8*x. Let w be 20/(-8)*(-6)/x. Suppose 58 = 4*f + w*i, -5*i + 2*i = 5*f - 71. What are the prime factors of f?
13
Suppose 4*t = 3*t - 8. Let s(k) be the third derivative of k**6/120 + k**5/6 + k**4/4 - k**3/6 - 2*k**2 - 4*k. What are the prime factors of s(t)?
79
Let t(m) = -m**3 + 3*m**2 + 6*m - 13. Let o = -30 + 36. Let c be t(o). Let j = 207 + c. List the prime factors of j.
2, 61
Suppose -70*b = -74*b + 3*t + 23618, 3*b - 17716 = t. List the prime factors of b.
2, 2953
Let b be 20/5 + (-1 - 5). Let o be (-10)/(-25)*(3 - b). Suppose 4*i + o*t = 1068, 3*i - 3*t = 2*t + 827. What are the prime factors of i?
269
Let c = 4655 - 3662. What are the prime factors of c?
3, 331
Let l(j) = 2 - 137*j + 3 + 10 - 110*j. What are the prime factors of l(-3)?
2, 3, 7
Suppose 0 = -21*z - 58 + 331. Suppose -6230 - 3013 = -z*d. List the prime factors of d.
3, 79
Suppose 2*d + 2*r = 7284, d - 3*r = 675 + 2971. What are the prime factors of d?
3643
Let r = -151 - -157. What are the prime factors of 19 - 0*r/36?
19
Suppose -37 - 123 = -i. Suppose -i - 1105 = -5*c. What are the prime factors of c?
11, 23
Suppose -21*d - 20 = -26*d. Let a(h) = -5*h - d*h**3 + 8 + 3*h**3 + h**2 - 2*h**2 - 4*h**2. List the prime factors of a(-6).
2, 37
Let p = 15014 - -20156. List the prime factors of p.
2, 5, 3517
Let h = 57777 + -32992. List the prime factors of h.
5, 4957
Let m = 25786 - 17184. What are the prime factors of m?
2, 11, 17, 23
